{"id":99,"date":"2022-04-25T08:38:10","date_gmt":"2022-04-25T08:38:10","guid":{"rendered":"https:\/\/demo.bravisthemes.com\/decision\/?page_id=99"},"modified":"2022-04-25T08:38:10","modified_gmt":"2022-04-25T08:38:10","slug":"blog-grid-sidebar","status":"publish","type":"page","link":"https:\/\/www.mg-legal.eu\/?page_id=99","title":{"rendered":"Publikacje"},"content":{"rendered":"\t\t<div data-elementor-type=\"wp-page\" data-elementor-id=\"99\" class=\"elementor elementor-99\">\n\t\t\t\t        <section class=\"elementor-section elementor-top-section elementor-element elementor-element-b8fe3ab elementor-section-boxed elementor-section-height-default elementor-section-height-default ct-header-fixed-none ct-column-none ct-row-scroll-none\" data-id=\"b8fe3ab\" data-element_type=\"section\">\n            \n                        <div class=\"elementor-container elementor-column-gap-default \">\n                    <div class=\"elementor-column elementor-col-100 elementor-top-column elementor-element elementor-element-c805e68 ct-column-none col-offset-none\" data-id=\"c805e68\" data-element_type=\"column\">\n        <div class=\"elementor-widget-wrap elementor-element-populated\">\n                    \n        \t\t<div class=\"elementor-element elementor-element-88db132 elementor-widget elementor-widget-ct_blog_grid\" data-id=\"88db132\" data-element_type=\"widget\" data-widget_type=\"ct_blog_grid.default\">\n\t\t\t\t<div class=\"elementor-widget-container\">\n\t\t\t\t\t\r\n<div id=\"ct_blog_grid-88db132\" class=\"ct-grid ct-blog-grid ct-blog-grid-layout1\" data-layout=\"masonry\" data-start-page=\"1\" data-max-pages=\"2\" data-total=\"7\" data-perpage=\"6\" data-next-link=\"https:\/\/www.mg-legal.eu\/index.php?rest_route=%2Fwp%2Fv2%2Fpages%2F99&#038;paged=2\">\r\n    \r\n    <div class=\"ct-grid-inner ct-grid-masonry row animate-time\" data-gutter=\"15\">\r\n                        <div class=\"grid-item col-xl-6 col-lg-12 col-md-6 col-sm-12 col-12 uncategorized\">\r\n                    <div class=\"grid-item-inner \" data-wow-duration=\"1.2s\">\r\n                        \r\n                        <div class=\"item--holder\">\r\n                                                            <ul class=\"item--meta ct-item-meta\">\r\n                                                                            <li class=\"item-author\">\r\n                                            By&nbsp;<a\r\n                                                    href=\"https:\/\/www.mg-legal.eu\/?author=1\">mg-legal.eu<\/a>\r\n                                        <\/li>\r\n                                                                                                                <li class=\"item-date\">\r\n                                            November 16, 2024                                        <\/li>\r\n                                                                    <\/ul>\r\n                                                        <h3 class=\"item--title\"><a\r\n                                        href=\"https:\/\/www.mg-legal.eu\/?p=1\">Hello world!<\/a>\r\n                            <\/h3>\r\n                                                            <div class=\"item--content\">\r\n                                                                    <\/div>\r\n                                                                                        <div class=\"item--readmore\">\r\n                                    <a class=\"\" href=\"https:\/\/www.mg-legal.eu\/?p=1\">\r\n                                    <span>Read more<\/span>\r\n                                    <\/a>\r\n                                <\/div>\r\n                                                    <\/div>\r\n                    <\/div>\r\n                <\/div>\r\n                            <div class=\"grid-item col-xl-6 col-lg-12 col-md-6 col-sm-12 col-12 opinie-prawne publicystyka\">\r\n                    <div class=\"grid-item-inner \" data-wow-duration=\"1.2s\">\r\n                                                    <div class=\"item--featured\">\r\n                                <a href=\"https:\/\/www.mg-legal.eu\/?p=6916\"><img fetchpriority=\"high\" decoding=\"async\" class=\"no-lazyload \" src=\"https:\/\/www.mg-legal.eu\/wp-content\/uploads\/2022\/12\/prad-wtyczka-energia-oswiadczenie-wypelnienie-ulga-prawo-poradnik-420x275.png\" width=\"420\" height=\"275\" alt=\"prad-wtyczka-energia-oswiadczenie-wypelnienie-ulga-prawo-poradnik\" title=\"prad-wtyczka-energia-oswiadczenie-wypelnienie-ulga-prawo-poradnik\" \/><\/a>\r\n                                                                    <div class=\"item--category\">\r\n                                        <a href=\"https:\/\/www.mg-legal.eu\/?cat=11\" rel=\"tag\">Opinie prawne<\/a> <a href=\"https:\/\/www.mg-legal.eu\/?cat=13\" rel=\"tag\">Publicystyka<\/a>                                    <\/div>\r\n                                                            <\/div>\r\n                        \r\n                        <div class=\"item--holder\">\r\n                                                            <ul class=\"item--meta ct-item-meta\">\r\n                                                                            <li class=\"item-author\">\r\n                                            By&nbsp;<a\r\n                                                    href=\"https:\/\/www.mg-legal.eu\/?author=1\">mg-legal.eu<\/a>\r\n                                        <\/li>\r\n                                                                                                                <li class=\"item-date\">\r\n                                            November 28, 2022                                        <\/li>\r\n                                                                    <\/ul>\r\n                                                        <h3 class=\"item--title\"><a\r\n                                        href=\"https:\/\/www.mg-legal.eu\/?p=6916\">NGO-sy i mniejsze op\u0142aty za pr\u0105d. Jak wype\u0142ni\u0107 o\u015bwiadczenie<\/a>\r\n                            <\/h3>\r\n                                                            <div class=\"item--content\">\r\n                                    Ustawa o \u015brodkach nadzwyczajnych maj\u0105cych na celu ograniczenie wysoko\u015bci cen energii elektrycznej oraz wsparciu niekt\u00f3rych odbiorc\u00f3w&hellip;                                <\/div>\r\n                                                                                        <div class=\"item--readmore\">\r\n                                    <a class=\"\" href=\"https:\/\/www.mg-legal.eu\/?p=6916\">\r\n                                    <span>Read more<\/span>\r\n                                    <\/a>\r\n                                <\/div>\r\n                                                    <\/div>\r\n                    <\/div>\r\n                <\/div>\r\n                            <div class=\"grid-item col-xl-6 col-lg-12 col-md-6 col-sm-12 col-12 opinie-prawne publicystyka\">\r\n                    <div class=\"grid-item-inner \" data-wow-duration=\"1.2s\">\r\n                                                    <div class=\"item--featured\">\r\n                                <a href=\"https:\/\/www.mg-legal.eu\/?p=6754\"><img decoding=\"async\" class=\"no-lazyload \" src=\"https:\/\/www.mg-legal.eu\/wp-content\/uploads\/2022\/11\/kaloryfer-420x275.png\" width=\"420\" height=\"275\" alt=\"kaloryfer\" title=\"kaloryfer\" \/><\/a>\r\n                                                                    <div class=\"item--category\">\r\n                                        <a href=\"https:\/\/www.mg-legal.eu\/?cat=11\" rel=\"tag\">Opinie prawne<\/a> <a href=\"https:\/\/www.mg-legal.eu\/?cat=13\" rel=\"tag\">Publicystyka<\/a>                                    <\/div>\r\n                                                            <\/div>\r\n                        \r\n                        <div class=\"item--holder\">\r\n                                                            <ul class=\"item--meta ct-item-meta\">\r\n                                                                            <li class=\"item-author\">\r\n                                            By&nbsp;<a\r\n                                                    href=\"https:\/\/www.mg-legal.eu\/?author=1\">mg-legal.eu<\/a>\r\n                                        <\/li>\r\n                                                                                                                <li class=\"item-date\">\r\n                                            October 22, 2022                                        <\/li>\r\n                                                                    <\/ul>\r\n                                                        <h3 class=\"item--title\"><a\r\n                                        href=\"https:\/\/www.mg-legal.eu\/?p=6754\">Czy NGO-sy zap\u0142ac\u0105 mniej za ciep\u0142o?<\/a>\r\n                            <\/h3>\r\n                                                            <div class=\"item--content\">\r\n                                    Ustawa o szczeg\u00f3lnych rozwi\u0105zaniach w zakresie niekt\u00f3rych \u017ar\u00f3de\u0142 ciep\u0142a w zwi\u0105zku z sytuacj\u0105 na rynku paliw&hellip;                                <\/div>\r\n                                                                                        <div class=\"item--readmore\">\r\n                                    <a class=\"\" href=\"https:\/\/www.mg-legal.eu\/?p=6754\">\r\n                                    <span>Read more<\/span>\r\n                                    <\/a>\r\n                                <\/div>\r\n                                                    <\/div>\r\n                    <\/div>\r\n                <\/div>\r\n                            <div class=\"grid-item col-xl-6 col-lg-12 col-md-6 col-sm-12 col-12 pro-bono publicystyka\">\r\n                    <div class=\"grid-item-inner \" data-wow-duration=\"1.2s\">\r\n                                                    <div class=\"item--featured\">\r\n                                <a href=\"https:\/\/www.mg-legal.eu\/?p=5888\"><img decoding=\"async\" class=\"no-lazyload \" src=\"https:\/\/www.mg-legal.eu\/wp-content\/uploads\/2022\/11\/prawnicy-pro-bono-1-420x275.jpeg\" width=\"420\" height=\"275\" alt=\"prawnicy-pro-bono-1\" title=\"prawnicy-pro-bono-1\" \/><\/a>\r\n                                                                    <div class=\"item--category\">\r\n                                        <a href=\"https:\/\/www.mg-legal.eu\/?cat=12\" rel=\"tag\">Pro Bono<\/a> <a href=\"https:\/\/www.mg-legal.eu\/?cat=13\" rel=\"tag\">Publicystyka<\/a>                                    <\/div>\r\n                                                            <\/div>\r\n                        \r\n                        <div class=\"item--holder\">\r\n                                                            <ul class=\"item--meta ct-item-meta\">\r\n                                                                            <li class=\"item-author\">\r\n                                            By&nbsp;<a\r\n                                                    href=\"https:\/\/www.mg-legal.eu\/?author=1\">mg-legal.eu<\/a>\r\n                                        <\/li>\r\n                                                                                                                <li class=\"item-date\">\r\n                                            October 8, 2022                                        <\/li>\r\n                                                                    <\/ul>\r\n                                                        <h3 class=\"item--title\"><a\r\n                                        href=\"https:\/\/www.mg-legal.eu\/?p=5888\">Prawnicy z sercem. Pomagaj\u0105 pro bono, ratuj\u0105 z opresji<\/a>\r\n                            <\/h3>\r\n                                                            <div class=\"item--content\">\r\n                                    Niekt\u00f3re sprawy ograniczaj\u0105 si\u0119 do jednego pisma albo konsultacji, inne wymagaj\u0105 du\u017cego zaanga\u017cowania i ci\u0105gn\u0105 si\u0119&hellip;                                <\/div>\r\n                                                                                        <div class=\"item--readmore\">\r\n                                    <a class=\"\" href=\"https:\/\/www.mg-legal.eu\/?p=5888\">\r\n                                    <span>Read more<\/span>\r\n                                    <\/a>\r\n                                <\/div>\r\n                                                    <\/div>\r\n                    <\/div>\r\n                <\/div>\r\n                            <div class=\"grid-item col-xl-6 col-lg-12 col-md-6 col-sm-12 col-12 opinie-prawne publicystyka rp-pl\">\r\n                    <div class=\"grid-item-inner \" data-wow-duration=\"1.2s\">\r\n                                                    <div class=\"item--featured\">\r\n                                <a href=\"https:\/\/www.mg-legal.eu\/?p=474\"><img loading=\"lazy\" decoding=\"async\" class=\"no-lazyload \" src=\"https:\/\/www.mg-legal.eu\/wp-content\/uploads\/2022\/09\/rp16c942468d34da9e85f71003c7bc88f1-420x275.webp\" width=\"420\" height=\"275\" alt=\"rp16c942468d34da9e85f71003c7bc88f1\" title=\"rp16c942468d34da9e85f71003c7bc88f1\" \/><\/a>\r\n                                                                    <div class=\"item--category\">\r\n                                        <a href=\"https:\/\/www.mg-legal.eu\/?cat=11\" rel=\"tag\">Opinie prawne<\/a> <a href=\"https:\/\/www.mg-legal.eu\/?cat=13\" rel=\"tag\">Publicystyka<\/a> <a href=\"https:\/\/www.mg-legal.eu\/?cat=14\" rel=\"tag\">rp.pl<\/a>                                    <\/div>\r\n                                                            <\/div>\r\n                        \r\n                        <div class=\"item--holder\">\r\n                                                            <ul class=\"item--meta ct-item-meta\">\r\n                                                                            <li class=\"item-author\">\r\n                                            By&nbsp;<a\r\n                                                    href=\"https:\/\/www.mg-legal.eu\/?author=1\">mg-legal.eu<\/a>\r\n                                        <\/li>\r\n                                                                                                                <li class=\"item-date\">\r\n                                            September 6, 2022                                        <\/li>\r\n                                                                    <\/ul>\r\n                                                        <h3 class=\"item--title\"><a\r\n                                        href=\"https:\/\/www.mg-legal.eu\/?p=474\">Kiedy zbi\u00f3rka pieni\u0119dzy mo\u017ce by\u0107 uznana za publiczn\u0105<\/a>\r\n                            <\/h3>\r\n                                                            <div class=\"item--content\">\r\n                                    Nie ka\u017cda zbi\u00f3rka pieni\u0119dzy mo\u017ce by\u0107 uznana za publiczn\u0105. Ma to praktyczne konsekwencje.                                <\/div>\r\n                                                                                        <div class=\"item--readmore\">\r\n                                    <a class=\"\" href=\"https:\/\/www.mg-legal.eu\/?p=474\">\r\n                                    <span>Read more<\/span>\r\n                                    <\/a>\r\n                                <\/div>\r\n                                                    <\/div>\r\n                    <\/div>\r\n                <\/div>\r\n                            <div class=\"grid-item col-xl-6 col-lg-12 col-md-6 col-sm-12 col-12 opinie-prawne publicystyka rp-pl\">\r\n                    <div class=\"grid-item-inner \" data-wow-duration=\"1.2s\">\r\n                                                    <div class=\"item--featured\">\r\n                                <a href=\"https:\/\/www.mg-legal.eu\/?p=5892\"><img loading=\"lazy\" decoding=\"async\" class=\"no-lazyload \" src=\"https:\/\/www.mg-legal.eu\/wp-content\/uploads\/2022\/08\/rp_dd61f1445330c1a33228cf46c5dbeb54-420x275.webp\" width=\"420\" height=\"275\" alt=\"rp_dd61f1445330c1a33228cf46c5dbeb54\" title=\"rp_dd61f1445330c1a33228cf46c5dbeb54\" \/><\/a>\r\n                                                                    <div class=\"item--category\">\r\n                                        <a href=\"https:\/\/www.mg-legal.eu\/?cat=11\" rel=\"tag\">Opinie prawne<\/a> <a href=\"https:\/\/www.mg-legal.eu\/?cat=13\" rel=\"tag\">Publicystyka<\/a> <a href=\"https:\/\/www.mg-legal.eu\/?cat=14\" rel=\"tag\">rp.pl<\/a>                                    <\/div>\r\n                                                            <\/div>\r\n                        \r\n                        <div class=\"item--holder\">\r\n                                                            <ul class=\"item--meta ct-item-meta\">\r\n                                                                            <li class=\"item-author\">\r\n                                            By&nbsp;<a\r\n                                                    href=\"https:\/\/www.mg-legal.eu\/?author=1\">mg-legal.eu<\/a>\r\n                                        <\/li>\r\n                                                                                                                <li class=\"item-date\">\r\n                                            August 8, 2022                                        <\/li>\r\n                                                                    <\/ul>\r\n                                                        <h3 class=\"item--title\"><a\r\n                                        href=\"https:\/\/www.mg-legal.eu\/?p=5892\">Stowarzyszenie i jego jednostki<\/a>\r\n                            <\/h3>\r\n                                                            <div class=\"item--content\">\r\n                                    Zgodnie z art. 10a ust. 1 ustawy z 7 kwietnia 1989 r. \u2013 Prawo o stowarzyszeniach&hellip;                                <\/div>\r\n                                                                                        <div class=\"item--readmore\">\r\n                                    <a class=\"\" href=\"https:\/\/www.mg-legal.eu\/?p=5892\">\r\n                                    <span>Read more<\/span>\r\n                                    <\/a>\r\n                                <\/div>\r\n                                                    <\/div>\r\n                    <\/div>\r\n                <\/div>\r\n                                <div class=\"grid-sizer col-xl-6 col-lg-12 col-md-6 col-sm-12 col-12\"><\/div>\r\n            <\/div>\r\n        <\/div>\t\t\t\t<\/div>\n\t\t\t\t<\/div>\n\t\t            <\/div>\n        <\/div>\n                    <\/div>\n        <\/section>\n        \t\t<\/div>\n\t\t","protected":false},"excerpt":{"rendered":"<p>Audit &amp; Evaluation Business By&nbsp;Christine Blaine December 8, 2022 What you must know about financial law changes Lorem ipsum dolor sit amet, consectetur adipiscing elit, sed do eiusmod tempor incididunt ut labore et\u2026 Read more Audit &amp; Evaluation Legal By&nbsp;Christine Blaine November 8, 2022 Keep away from drugs, the penalty is 20 years In addition [&hellip;]<\/p>\n","protected":false},"author":1,"featured_media":0,"parent":0,"menu_order":0,"comment_status":"closed","ping_status":"closed","template":"","meta":{"footnotes":""},"class_list":["post-99","page","type-page","status-publish","hentry"],"_links":{"self":[{"href":"https:\/\/www.mg-legal.eu\/index.php?rest_route=\/wp\/v2\/pages\/99","targetHints":{"allow":["GET"]}}],"collection":[{"href":"https:\/\/www.mg-legal.eu\/index.php?rest_route=\/wp\/v2\/pages"}],"about":[{"href":"https:\/\/www.mg-legal.eu\/index.php?rest_route=\/wp\/v2\/types\/page"}],"author":[{"embeddable":true,"href":"https:\/\/www.mg-legal.eu\/index.php?rest_route=\/wp\/v2\/users\/1"}],"replies":[{"embeddable":true,"href":"https:\/\/www.mg-legal.eu\/index.php?rest_route=%2Fwp%2Fv2%2Fcomments&post=99"}],"version-history":[{"count":0,"href":"https:\/\/www.mg-legal.eu\/index.php?rest_route=\/wp\/v2\/pages\/99\/revisions"}],"wp:attachment":[{"href":"https:\/\/www.mg-legal.eu\/index.php?rest_route=%2Fwp%2Fv2%2Fmedia&parent=99"}],"curies":[{"name":"wp","href":"https:\/\/api.w.org\/{rel}","templated":true}]}}